73026?
True
Does 46 divide 2983475?
False
Is 10955385 a multiple of 21?
True
Is 109 a factor of 669543?
False
Is 85 a factor of 22270?
True
Does 292 divide 601033?
False
Is 12 a factor of 109188?
True
Does 69 divide 694744?
False
Is 139055 a multiple of 685?
True
Does 54 divide 145962?
True
Does 9 divide 57141?
True
Is 105330 a multiple of 10?
True
Is 1918350 a multiple of 1085?
False
Does 59 divide 233109?
True
Is 64930 a multiple of 13?
False
Is 632900 a multiple of 20?
True
Is 393176 a multiple of 34?
True
Is 62 a factor of 67793?
False
Does 17 divide 248123?
False
Is 76 a factor of 71153?
False
Is 29 a factor of 3190377?
True
Does 13 divide 788983?
True
Is 106377 a multiple of 59?
True
Is 50017 a multiple of 3?
False
Is 13 a factor of 701298?
True
Is 26 a factor of 65442?
True
Is 166 a factor of 244426?
False
Is 480960 a multiple of 80?
True
Is 5 a factor of 5456333?
False
Is 2086760 a multiple of 104?
True
Is 122416 a multiple of 179?
False
Does 12 divide 7398083?
False
Is 38 a factor of 406980?
True
Is 47272 a multiple of 588?
False
Is 8281098 a multiple of 14?
True
Is 203448 a multiple of 519?
True
Is 99 a factor of 369612?
False
Is 133738 a multiple of 11?
True
Does 162 divide 16038?
True
Is 155 a factor of 16709?
False
Is 94706 a multiple of 16?
False
Is 16 a factor of 631584?
True
Does 114 divide 88122?
True
Does 187 divide 919292?
True
Does 302 divide 3191838?
True
Does 26 divide 2059798?
True
Does 65 divide 817895?
True
Is 323 a factor of 35572?
False
Is 23 a factor of 14944?
False
Does 11 divide 1187087?
True
Does 22 divide 3241557?
False
Does 123 divide 4249687?
False
Does 9 divide 117684?
True
Does 87 divide 130935?
True
Does 5 divide 564325?
True
Is 209 a factor of 597302?
False
Is 158 a factor of 59667?
False
Does 7 divide 572036?
False
Is 11 a factor of 13105?
False
Is 6207223 a multiple of 1916?
False
Does 6 divide 472326?
True
Is 7671420 a multiple of 345?
True
Is 261 a factor of 41194398?
False
Is 105 a factor of 138739?
False
Does 4 divide 323610?
False
Does 147 divide 4860702?
True
Is 271 a factor of 2253636?
True
Is 39 a factor of 427710?
False
Is 48 a factor of 200592?
True
Is 528948 a multiple of 18?
True
Is 16 a factor of 212421?
False
Does 159 divide 1346373?
False
Does 43 divide 45537?
True
Is 36 a factor of 3085411?
False
Does 13 divide 6684396?
False
Does 142 divide 43836?
False
Is 126 a factor of 2205252?
True
Does 18 divide 13841478?
True
Does 455 divide 111662?
False
Is 1126145 a multiple of 395?
True
Is 730624 a multiple of 64?
True
Does 77 divide 230846?
True
Is 10 a factor of 182680?
True
Does 91 divide 1410318?
True
Is 26 a factor of 6953933?
False
Is 835722 a multiple of 9?
True
Is 5 a factor of 347672?
False
Is 88 a factor of 30712?
True
Is 13 a factor of 231289?
False
Is 596 a factor of 4139047?
False
Does 2 divide 21176?
True
Does 15 divide 339994?
False
Does 19 divide 51452?
True
Is 422940 a multiple of 53?
True
Is 88 a factor of 2065976?
True
Does 76 divide 215341?
False
Does 15 divide 148410?
True
Does 5 divide 113209?
False
Does 358 divide 2231056?
True
Is 1523171 a multiple of 31?
False
Does 36 divide 14517178?
False
Is 11 a factor of 3068461?
True
Is 7 a factor of 1046528?
True
Is 1490859 a multiple of 27?
True
Is 370775 a multiple of 13?
False
Is 470 a factor of 1385?
False
Does 406 divide 2745935?
False
Is 24 a factor of 124608?
True
Does 15 divide 292850?
False
Is 14 a factor of 4342338?
True
Does 19 divide 76452?
False
Is 48 a factor of 1305257?
False
Is 138 a factor of 71825?
False
Is 2520423 a multiple of 277?
True
Is 649 a factor of 6991028?
True
Is 437 a factor of 18130693?
True
Is 9530305 a multiple of 392?
False
Is 1403350 a multiple of 478?
False
Does 18 divide 303642?
True
Does 168 divide 3750785?
False
Is 2100302 a multiple of 475?
False
Is 3249294 a multiple of 23?
False
Does 2 divide 387608?
True
Is 14 a factor of 17124438?
False
Is 1524563 a multiple of 292?
False
Is 1151145 a multiple of 761?
False
Is 33 a factor of 1065570?
True
Is 122106 a multiple of 141?
True
Is 121860 a multiple of 9?
True
Is 394 a factor of 101258?
True
Is 231738 a multiple of 6?
True
Is 14 a factor of 1647576?
True
Is 38 a factor of 7302118?
True
Is 388 a factor of 377136?
True
Does 16 divide 884736?
True
Does 12 divide 96168?
True
Is 40 a factor of 3096240?
True
Does 234 divide 3006198?
True
Is 95237 a multiple of 5?
False
Is 228 a factor of 2404032?
True
Does 2 divide 673993?
False
Is 51 a factor of 474930?
False
Is 351027 a multiple of 76?
False
Is 567010 a multiple of 700?
False
Does 1108 divide 5348836?
False
Is 58342 a multiple of 76?
False
Is 131 a factor of 63365?
False
Does 130 divide 1288820?
True
Is 11 a factor of 14868176?
False
Is 857766 a multiple of 28?
False
Is 4207369 a multiple of 34?
False
Is 256 a factor of 145497?
False
Is 2296619 a multiple of 23?
True
Does 11 divide 237640?
False
Is 15 a factor of 195607?
False
Does 10 divide 775110?
True
Is 4554477 a multiple of 9?
True
Is 4 a factor of 38036?
True
Is 1136 a factor of 1588111?
False
Does 5 divide 27120?
True
Is 164826 a multiple of 41?
False
Is 53969 a multiple of 29?
True
Does 3 divide 116373?
True
Is 18 a factor of 742547?
False
Is 315394 a multiple of 3?
False
Is 49285 a multiple of 246?
False
Is 5 a factor of 88803?
False
Is 38 a factor of 789830?
True
Is 4 a factor of 149616?
True
Does 2 divide 69835?
False
Is 1174886 a multiple of 23?
True
Does 10 divide 3998819?
False
Is 15 a factor of 248221?
False
Is 15 a factor of 443785?
False
Does 5 divide 5788885?
True
Does 10 divide 215470?
True
Is 1293618 a multiple of 13?
False
Does 7 divide 16516685?
False
Is 89608 a multiple of 46?
True
Is 15187586 a multiple of 46?
False
Is 246 a factor of 123984?
True
Does 23 divide 195315?
False
Is 7 a factor of 379400?
True
Is 11 a factor of 194671?
False
Does 5 divide 131892?
False
Is 103 a factor of 353142?
False
Is 13 a factor of 2231647?
False
Is 916698 a multiple of 14?
False
Is 1420 a factor of 1186437?
False
Is 1829951 a multiple of 726?
False
Is 193579 a multiple of 17?
True
Is 33 a factor of 3708936?
True
Does 473 divide 1425149?
True
Does 141 divide 101686?
False
Does 36 divide 30775?
False
Is 74 a factor of 46768?
True
Does 13 divide 1000324?
True
Is 54868 a multiple of 116?
True
Does 6 divide 208099?
False
Is 220770 a multiple of 66?
True
Is 89915 a multiple of 35?
True
Is 7024 a multiple of 2?
True
Is 56 a factor of 190904?
True
Is 416 a factor of 2596012?
False
Does 37 divide 9054467?
False
Is 496422 a multiple of 261?
True
Does 9 divide 22957776?
True
Is 167503 a multiple of 80?
False
Is 2458528 a multiple of 53?
False
Is 80 a factor of 24905?
False
Is 5912124 a multiple of 22?
False
Does 93 divide 642630?
True
Is 9 a factor of 97636?
False
Is 5 a factor of 858985?
True
Is 48 a factor of 180288?
True
Is 181 a factor of 5607199?
True
Does 68 divide 586636?
True
Is 5 a factor of 32931?
False
Is 26935 a multiple of 18?
False
Is 873781 a multiple of 3?
False
Does 574 divide 1911846?
False
Is 24218 a multiple of 5?
False
Does 157 divide 14747233?
False
Is 544434 a multiple of 146?
True
Does 135 divide 254745?
True
Does 11 divide 3326334?
True
Is 6 a factor of 330612?
True
Is 265959 a multiple of 106?
False
Is 338 a factor of 156832?
True
Is 1230789 a multiple of 609?
True
Is 69 a factor of 28837?
False
Is 361242 a multiple of 122?
True
Does 185 divide 32005?
True
Is 292211 a multiple of 77?
False
Is 46 a factor of 161414?
True
Does 48 divide 1678656?
True
Is 41 a factor of 211904?
False
Is 445382 a multiple of 58?
True
Is 92 a factor of 1410047?
False
Is 2108225 a multiple of 25?
True
Is 246384 a multiple of 48?
True
Is 445544 a multiple of 88?
True
Is 71 a factor of 94326?
False
Does 6 divide 299909?
False
Is 1972860 a multiple of 6?
True
Is 11 a factor of 170533?
True
Is 724584 a multiple of 9?
False
Does 219 divide 82348?
False
Is 5 a factor of 4084001?
False
Is 250 a factor of 2379041?
False
Does 10 divide 1554649?
False
Is 15979997 a multiple of 279?
False
Is 1027286 a multiple of 42?
False
Is 42 a factor of 159222?
True
Is 54 a factor of 165008?
False
Is 468894 a multiple of 24?
False
Is 85 a factor of 640252?
False
Is 21277 a multiple of 24?
False
Is 406134 a multiple of 3?
True
Is 529307 a multiple of 185?
False
Is 19 a f